{"id":2,"date":"2023-08-15T23:51:27","date_gmt":"2023-08-15T21:51:27","guid":{"rendered":"http:\/\/badminy.cluster028.hosting.ovh.net\/?page_id=2"},"modified":"2025-09-20T17:50:27","modified_gmt":"2025-09-20T15:50:27","slug":"sport-adapte","status":"publish","type":"page","link":"https:\/\/badmintonepinal.com\/index.php\/sport-adapte\/","title":{"rendered":"Sport adapt\u00e9"},"content":{"rendered":"<div data-colibri-id=\"2-c1\" class=\"style-631 style-local-2-c1 position-relative\">\n  <!---->\n  <div data-colibri-component=\"section\" data-colibri-id=\"2-c2\" id=\"reusable-sections\" class=\"h-section h-section-global-spacing d-flex align-items-lg-center align-items-md-center align-items-center style-636 style-local-2-c2 position-relative\">\n    <!---->\n    <!---->\n    <div class=\"h-section-grid-container h-section-boxed-container\">\n      <!---->\n      <div data-colibri-id=\"2-c3\" class=\"h-row-container gutters-row-lg-2 gutters-row-md-2 gutters-row-0 gutters-row-v-lg-2 gutters-row-v-md-2 gutters-row-v-2 style-642 style-local-2-c3 position-relative\">\n        <!---->\n        <div class=\"h-row justify-content-lg-center justify-content-md-center justify-content-center align-items-lg-stretch align-items-md-stretch align-items-stretch gutters-col-lg-2 gutters-col-md-2 gutters-col-0 gutters-col-v-lg-2 gutters-col-v-md-2 gutters-col-v-2\">\n          <!---->\n          <div class=\"h-column h-column-container d-flex h-col-lg-auto h-col-md-auto h-col-auto style-643-outer style-local-2-c4-outer\">\n            <div data-colibri-id=\"2-c4\" class=\"d-flex h-flex-basis h-column__inner h-px-lg-2 h-px-md-2 h-px-2 v-inner-lg-2 v-inner-md-2 v-inner-2 style-643 style-local-2-c4 position-relative\">\n              <!---->\n              <!---->\n              <div class=\"w-100 h-y-container h-column__content h-column__v-align flex-basis-100 align-self-lg-start align-self-md-start align-self-start\">\n                <!---->\n                <div data-colibri-id=\"2-c5\" class=\"h-text h-text-component style-853 style-local-2-c5 position-relative h-element\">\n                  <!---->\n                  <!---->\n                  <div class=\"\">\n                    <p>Dans les Vosges, deux clubs affili\u00e9s \u00e0 la F\u00e9d\u00e9ration du Sport Adapt\u00e9 pratiquent le Badminton r\u00e9guli\u00e8rement.<\/p>\n                    <p>\u00b7 Le Club d\u2019Epinal (CSAE)<\/p>\n                    <p>\u00b7 Le Club de St Am\u00e9 (CSSHV)<\/p>\n                    <p>La FFSa et la FFBaD ont sign\u00e9 une convention en 2012, qui permet aux joueurs d\u2019int\u00e9grer les Clubs de notre F\u00e9d\u00e9ration.<\/p>\n                    <p>Le club accueille six joueurs du Club de Sport Adapt\u00e9 d\u2019Epinal. Ils partagent une partie de leur cr\u00e9neau avec des jeunes du club, et encha\u00eenent avec un entra\u00eenement d\u2019une heure. Certains ont la possibilit\u00e9 de rester sur le cr\u00e9neau\n                      loisirs du lundi soir.<\/p>\n                    <p>Ils participent \u00e9galement aux comp\u00e9titions organis\u00e9es par la F\u00e9d\u00e9ration Fran\u00e7aise de Sport Adapt\u00e9.<\/p>\n                    <p>\u00b7 Championnat Inter-r\u00e9gional<\/p>\n                    <p>\u00b7 Championnat de France<\/p>\n                    <p>L\u2019objectif principal est de permettre aux licenci\u00e9s d\u2019acc\u00e9der au niveau optimal de pratique du badminton en fonction de leurs capacit\u00e9s.<\/p>\n                    <p>Pour d\u2019autres informations : F\u00e9d\u00e9ration \u2013 site :\n                      <a href=\"http:\/\/www.ffsa.asso.fr\" class=\"customize-unpreviewable\">http:\/\/www.ffsa.asso.fr<\/a>\n                    <\/p>\n                  <\/div>\n                <\/div>\n              <\/div>\n            <\/div>\n          <\/div>\n        <\/div>\n      <\/div>\n      <div data-colibri-id=\"2-c6\" class=\"h-row-container gutters-row-lg-2 gutters-row-md-2 gutters-row-0 gutters-row-v-lg-2 gutters-row-v-md-2 gutters-row-v-2 style-670 style-local-2-c6 position-relative\">\n        <!---->\n        <div class=\"h-row justify-content-lg-center justify-content-md-center justify-content-center align-items-lg-stretch align-items-md-stretch align-items-stretch gutters-col-lg-2 gutters-col-md-2 gutters-col-0 gutters-col-v-lg-2 gutters-col-v-md-2 gutters-col-v-2\">\n          <!---->\n          <div class=\"h-column h-column-container d-flex h-col-lg-auto h-col-md-auto h-col-auto style-671-outer style-local-2-c7-outer\">\n            <div data-colibri-id=\"2-c7\" class=\"d-flex h-flex-basis h-column__inner h-px-lg-2 h-px-md-2 h-px-2 v-inner-lg-2 v-inner-md-2 v-inner-2 style-671 style-local-2-c7 position-relative\">\n              <!---->\n              <!---->\n              <div class=\"w-100 h-y-container h-column__content h-column__v-align flex-basis-100 align-self-lg-start align-self-md-start align-self-start\">\n                <!---->\n                <div data-colibri-id=\"2-c8\" class=\"h-text h-text-component style-675 style-local-2-c8 position-relative h-element\">\n                  <!---->\n                  <!---->\n                  <div class=\"\">\n                    <p>Pour plus d&rsquo;informations, contactez nous via le formulaire !\n                      <br>\n                    <\/p>\n                  <\/div>\n                <\/div>\n              <\/div>\n            <\/div>\n          <\/div>\n        <\/div>\n      <\/div>\n      <div data-colibri-id=\"2-c9\" class=\"h-row-container gutters-row-lg-2 gutters-row-md-2 gutters-row-0 gutters-row-v-lg-2 gutters-row-v-md-2 gutters-row-v-2 style-667 style-local-2-c9 position-relative\">\n        <!---->\n        <div class=\"h-row justify-content-lg-center justify-content-md-center justify-content-center align-items-lg-stretch align-items-md-stretch align-items-stretch gutters-col-lg-2 gutters-col-md-2 gutters-col-0 gutters-col-v-lg-2 gutters-col-v-md-2 gutters-col-v-2\">\n          <!---->\n          <div class=\"h-column h-column-container d-flex h-col-lg-auto h-col-md-auto h-col-auto style-668-outer style-local-2-c10-outer\">\n            <div data-colibri-id=\"2-c10\" class=\"d-flex h-flex-basis h-column__inner h-px-lg-2 h-px-md-2 h-px-2 v-inner-lg-2 v-inner-md-2 v-inner-2 style-668 style-local-2-c10 position-relative\">\n              <!---->\n              <!---->\n              <div class=\"w-100 h-y-container h-column__content h-column__v-align flex-basis-100 align-self-lg-start align-self-md-start align-self-start\">\n                <!---->\n                <div data-colibri-id=\"2-c11\" class=\"h-contact-form__outer--forminator style-674 style-local-2-c11 position-relative h-element\">\n                  <!---->\n                  <div class=\"h-global-transition-all h-global-transition h-global-transition-all h-contact-form-shortcode\"><div class=\"forminator-ui forminator-custom-form forminator-custom-form-1019 forminator-design--default  forminator_ajax\" data-forminator-render=\"0\" data-form=\"forminator-module-1019\" data-uid=\"69f30277923ec\"><br\/><\/div><form\n\t\t\t\tid=\"forminator-module-1019\"\n\t\t\t\tclass=\"forminator-ui forminator-custom-form forminator-custom-form-1019 forminator-design--default  forminator_ajax\"\n\t\t\t\tmethod=\"post\"\n\t\t\t\tdata-forminator-render=\"0\"\n\t\t\t\tdata-form-id=\"1019\"\n\t\t\t\t\n\t\t\t\tdata-design=\"default\"\n\t\t\t\t\n\t\t\t\t\n\t\t\t\t\n\t\t\t\tdata-grid=\"open\"\n\t\t\t\t\n\t\t\t\t\n\t\t\t\tstyle=\"display: none;\"\n\t\t\t\t\n\t\t\t\tdata-uid=\"69f30277923ec\"\n\t\t\t><div role=\"alert\" aria-live=\"polite\" class=\"forminator-response-message forminator-error\" aria-hidden=\"true\"><\/div><div class=\"forminator-row\"><div id=\"name-1\" class=\"forminator-col forminator-col-12 \"><div class=\"forminator-field\"><label for=\"forminator-field-name-1_69f30277923ec\" class=\"forminator-label\" id=\"forminator-field-name-1_69f30277923ec-label\">Nom <span class=\"forminator-required\">*<\/span><\/label><input type=\"text\" name=\"name-1\" value=\"\" placeholder=\"Par exemple\u00a0: Jean\" id=\"forminator-field-name-1_69f30277923ec\" class=\"forminator-input forminator-name--field\" aria-required=\"true\" \/><\/div><\/div><\/div><div class=\"forminator-row\"><div id=\"email-1\" class=\"forminator-col forminator-col-12 \"><div class=\"forminator-field\"><label for=\"forminator-field-email-1_69f30277923ec\" class=\"forminator-label\" id=\"forminator-field-email-1_69f30277923ec-label\">Mail <span class=\"forminator-required\">*<\/span><\/label><input type=\"email\" name=\"email-1\" value=\"\" placeholder=\"Par exemple\u00a0: jacques@martin.com\" id=\"forminator-field-email-1_69f30277923ec\" class=\"forminator-input forminator-email--field\" data-required=\"true\" aria-required=\"true\" \/><\/div><\/div><\/div><div class=\"forminator-row\"><div id=\"phone-1\" class=\"forminator-col forminator-col-12 \"><div class=\"forminator-field\"><label for=\"forminator-field-phone-1_69f30277923ec\" class=\"forminator-label\" id=\"forminator-field-phone-1_69f30277923ec-label\">Num\u00e9ro de t\u00e9l\u00e9phone<\/label><input type=\"text\" name=\"phone-1\" value=\"\" placeholder=\"Par exemple\u00a0: +1 02 03 04 05\" id=\"forminator-field-phone-1_69f30277923ec\" class=\"forminator-input forminator-field--phone\" data-required=\"\" aria-required=\"false\" autocomplete=\"off\" \/><\/div><\/div><\/div><div class=\"forminator-row\"><div id=\"textarea-1\" class=\"forminator-col forminator-col-12 \"><div class=\"forminator-field\"><label for=\"forminator-field-textarea-1_69f30277923ec\" id=\"forminator-field-textarea-1_69f30277923ec-label\" class=\"forminator-label\">Message<\/label><textarea name=\"textarea-1\" placeholder=\"Saisissez votre message\u2026\" id=\"forminator-field-textarea-1_69f30277923ec\" class=\"forminator-textarea\" rows=\"6\" style=\"min-height:140px;\" maxlength=\"180\" ><\/textarea><span id=\"forminator-field-textarea-1_69f30277923ec-description\" class=\"forminator-description\"><span data-limit=\"180\" data-type=\"characters\">0 \/ 180<\/span><\/span><\/div><\/div><\/div><div class=\"forminator-row\"><div id=\"captcha-1\" class=\"forminator-col forminator-col-12 \"><div class=\"forminator-g-recaptcha recaptcha-invisible\" data-theme=\"light\" data-badge=\"bottomright\" data-sitekey=\"6Le4pXkrAAAAACzJHI4CdP_5AcnnOczH_a2N_QKY\" data-size=\"invisible\"><\/div> <\/div><\/div><input type=\"hidden\" name=\"referer_url\" value=\"\" \/><div class=\"forminator-row forminator-row-last\"><div class=\"forminator-col\"><div class=\"forminator-field\"><button class=\"forminator-button forminator-button-submit\">Envoyer le message<\/button><\/div><\/div><\/div><input type=\"hidden\" id=\"forminator_nonce\" name=\"forminator_nonce\" value=\"e2d6337631\" \/><input type=\"hidden\" name=\"_wp_http_referer\" value=\"\/index.php\/wp-json\/wp\/v2\/pages\/2\" \/><input type=\"hidden\" name=\"form_id\" value=\"1019\"><input type=\"hidden\" name=\"page_id\" value=\"2\"><input type=\"hidden\" name=\"form_type\" value=\"default\"><input type=\"hidden\" name=\"current_url\" value=\"https:\/\/badmintonepinal.com\/index.php\/sport-adapte\/\"><input type=\"hidden\" name=\"render_id\" value=\"0\"><input type=\"hidden\" name=\"action\" value=\"forminator_submit_form_custom-forms\"><\/form><\/div>\n                <\/div>\n              <\/div>\n            <\/div>\n          <\/div>\n        <\/div>\n      <\/div>\n    <\/div>\n  <\/div>\n  <div data-colibri-component=\"section\" data-colibri-id=\"2-c12\" id=\"reusable-sections-2\" class=\"h-section h-section-global-spacing d-flex align-items-lg-center align-items-md-center align-items-center style-663 style-local-2-c12 position-relative\">\n    <!---->\n    <!---->\n    <div class=\"h-section-grid-container h-section-boxed-container\">\n      <!---->\n      <div data-colibri-id=\"2-c13\" class=\"h-row-container gutters-row-lg-2 gutters-row-md-2 gutters-row-0 gutters-row-v-lg-2 gutters-row-v-md-2 gutters-row-v-2 style-664 style-local-2-c13 position-relative\">\n        <!---->\n        <div class=\"h-row justify-content-lg-center justify-content-md-center justify-content-center align-items-lg-stretch align-items-md-stretch align-items-stretch gutters-col-lg-2 gutters-col-md-2 gutters-col-0 gutters-col-v-lg-2 gutters-col-v-md-2 gutters-col-v-2\">\n          <!---->\n          <div class=\"h-column h-column-container d-flex h-col-lg-auto h-col-md-auto h-col-auto style-665-outer style-local-2-c14-outer\">\n            <div data-colibri-id=\"2-c14\" class=\"d-flex h-flex-basis h-column__inner h-px-lg-2 h-px-md-2 h-px-2 v-inner-lg-2 v-inner-md-2 v-inner-2 style-665 style-local-2-c14 position-relative\">\n              <!---->\n              <!---->\n              <div class=\"w-100 h-y-container h-column__content h-column__v-align flex-basis-100 align-self-lg-start align-self-md-start align-self-start\">\n                <!---->\n                <div data-colibri-id=\"2-c15\" class=\"d-block style-666 style-local-2-c15 position-relative h-element\">\n                  <!---->\n                  <div class=\"h-image__frame-container-outer\">\n                    <div class=\"h-image__frame-container\">\n                      <!---->\n                      <!---->\n                      <img loading=\"lazy\" decoding=\"async\" width=\"2560\" height=\"256\" src=\"https:\/\/badmintonepinal.com\/wp-content\/uploads\/2025\/09\/sponsors_site-scaled.png\" class=\"wp-image-1760 style-666-image style-local-2-c15-image\" alt=\"\" srcset=\"https:\/\/badmintonepinal.com\/wp-content\/uploads\/2025\/09\/sponsors_site-scaled.png 2560w, https:\/\/badmintonepinal.com\/wp-content\/uploads\/2025\/09\/sponsors_site-300x30.png 300w, https:\/\/badmintonepinal.com\/wp-content\/uploads\/2025\/09\/sponsors_site-1024x102.png 1024w, https:\/\/badmintonepinal.com\/wp-content\/uploads\/2025\/09\/sponsors_site-768x77.png 768w, https:\/\/badmintonepinal.com\/wp-content\/uploads\/2025\/09\/sponsors_site-1536x154.png 1536w, https:\/\/badmintonepinal.com\/wp-content\/uploads\/2025\/09\/sponsors_site-2048x205.png 2048w\" sizes=\"auto, (max-width: 2560px) 100vw, 2560px\" \/>\n                      <div class=\"h-image__frame h-hide-lg h-hide-md h-hide-sm style-666-frameImage style-local-2-c15-frameImage\"><\/div>\n                    <\/div>\n                  <\/div>\n                <\/div>\n              <\/div>\n            <\/div>\n          <\/div>\n        <\/div>\n      <\/div>\n    <\/div>\n  <\/div>\n<\/div>","protected":false},"excerpt":{"rendered":"<p>Dans les Vosges, deux clubs affili\u00e9s \u00e0 la F\u00e9d\u00e9ration du Sport Adapt\u00e9 pratiquent le Badminton r\u00e9guli\u00e8rement. \u00b7 Le Club d\u2019Epinal (CSAE) \u00b7 Le Club de St Am\u00e9 (CSSHV) La FFSa et la FFBaD ont sign\u00e9 une convention en 2012, qui permet aux joueurs d\u2019int\u00e9grer les Clubs de notre F\u00e9d\u00e9ration. Le club accueille six joueurs du [&hellip;]<\/p>\n","protected":false},"author":1,"featured_media":0,"parent":0,"menu_order":0,"comment_status":"closed","ping_status":"closed","template":"page-templates\/full-width-page.php","meta":{"_uag_custom_page_level_css":"","footnotes":""},"class_list":["post-2","page","type-page","status-publish","hentry"],"uagb_featured_image_src":{"full":false,"thumbnail":false,"medium":false,"medium_large":false,"large":false,"1536x1536":false,"2048x2048":false},"uagb_author_info":{"display_name":"badminy915","author_link":"https:\/\/badmintonepinal.com\/index.php\/author\/badminy915\/"},"uagb_comment_info":0,"uagb_excerpt":"Dans les Vosges, deux clubs affili\u00e9s \u00e0 la F\u00e9d\u00e9ration du Sport Adapt\u00e9 pratiquent le Badminton r\u00e9guli\u00e8rement. \u00b7 Le Club d\u2019Epinal (CSAE) \u00b7 Le Club de St Am\u00e9 (CSSHV) La FFSa et la FFBaD ont sign\u00e9 une convention en 2012, qui permet aux joueurs d\u2019int\u00e9grer les Clubs de notre F\u00e9d\u00e9ration. Le club accueille six joueurs du\u2026","_links":{"self":[{"href":"https:\/\/badmintonepinal.com\/index.php\/wp-json\/wp\/v2\/pages\/2","targetHints":{"allow":["GET"]}}],"collection":[{"href":"https:\/\/badmintonepinal.com\/index.php\/wp-json\/wp\/v2\/pages"}],"about":[{"href":"https:\/\/badmintonepinal.com\/index.php\/wp-json\/wp\/v2\/types\/page"}],"author":[{"embeddable":true,"href":"https:\/\/badmintonepinal.com\/index.php\/wp-json\/wp\/v2\/users\/1"}],"replies":[{"embeddable":true,"href":"https:\/\/badmintonepinal.com\/index.php\/wp-json\/wp\/v2\/comments?post=2"}],"version-history":[{"count":5,"href":"https:\/\/badmintonepinal.com\/index.php\/wp-json\/wp\/v2\/pages\/2\/revisions"}],"predecessor-version":[{"id":1791,"href":"https:\/\/badmintonepinal.com\/index.php\/wp-json\/wp\/v2\/pages\/2\/revisions\/1791"}],"wp:attachment":[{"href":"https:\/\/badmintonepinal.com\/index.php\/wp-json\/wp\/v2\/media?parent=2"}],"curies":[{"name":"wp","href":"https:\/\/api.w.org\/{rel}","templated":true}]}}